{"id":1526,"date":"2018-07-24T14:25:42","date_gmt":"2018-07-24T12:25:42","guid":{"rendered":"https:\/\/spozywo.pl\/produkt\/import-placeholder-for-1753\/"},"modified":"2020-03-24T09:25:53","modified_gmt":"2020-03-24T08:25:53","slug":"zywienie-w-ciazy","status":"publish","type":"product","link":"https:\/\/spozywo.org\/?product=zywienie-w-ciazy","title":{"rendered":"\u017bywienie w ci\u0105\u017cy"},"content":{"rendered":"<h2>Informacje o pakietach<\/h2>\n<p><span style=\"font-weight: 400;\">Zbilansowana dieta i racjonalne \u017cywienie w ci\u0105\u017cy to dla wielu kobiet wyzwanie. Oferujemy profesjonaln\u0105 pomoc w wybraniu produkt\u00f3w i potraw, kt\u00f3re b\u0119d\u0105 wspiera\u0107 nie tylko zdrowie mamy, ale tak\u017ce prawid\u0142owy rozw\u00f3j dziecka. Uwzgl\u0119dniamy indywidualne potrzeby i preferencje \u017cywieniowe.<\/span><\/p>\n","protected":false},"excerpt":{"rendered":"<p><span style=\"font-weight: 400;\">Zapewniamy pomoc przy zbilansowaniu diety w ci\u0105\u017cy. Oferujemy u\u0142o\u017cenie zbilansowanego jad\u0142ospisu, z\u0142o\u017conego ze zdrowych, pe\u0142nowarto\u015bciowych, dozwolonych w trakcie ci\u0105\u017cy produkt\u00f3w. Menu uk\u0142adane jest indywidualnie, z uwzgl\u0119dnieniem Twoich ulubionych produkt\u00f3w, w oparciu o oficjalne zalecenia IMiD, I\u017bi\u017b i WHO.<\/span><\/p>\n<p><span style=\"font-weight: 400;\">Oferujemy kilka rodzaj\u00f3w konsultacji. Wybierz t\u0119, kt\u00f3ra Ci odpowiada.\u00a0<\/span><span style=\"font-weight: 400;\">Je\u017celi chcesz otrzyma\u0107 jad\u0142ospis z posi\u0142kami przygotowanymi specjalnie dla Ciebie, wybierz opcj\u0119 nr 1. Pomoc w modyfikacji i stworzeniu zdrowego podej\u015bcia do diety na zawsze otrzymasz w opcji nr 2 i 3. <\/span><\/p>\n","protected":false},"featured_media":1593,"comment_status":"open","ping_status":"closed","template":"","meta":[],"product_cat":[],"product_tag":[],"class_list":{"0":"post-1526","1":"product","2":"type-product","3":"status-publish","4":"has-post-thumbnail","7":"first","8":"instock","9":"shipping-taxable","10":"purchasable","11":"product-type-simple"},"_links":{"self":[{"href":"https:\/\/spozywo.org\/index.php?rest_route=\/wp\/v2\/product\/1526","targetHints":{"allow":["GET"]}}],"collection":[{"href":"https:\/\/spozywo.org\/index.php?rest_route=\/wp\/v2\/product"}],"about":[{"href":"https:\/\/spozywo.org\/index.php?rest_route=\/wp\/v2\/types\/product"}],"replies":[{"embeddable":true,"href":"https:\/\/spozywo.org\/index.php?rest_route=%2Fwp%2Fv2%2Fcomments&post=1526"}],"wp:featuredmedia":[{"embeddable":true,"href":"https:\/\/spozywo.org\/index.php?rest_route=\/wp\/v2\/media\/1593"}],"wp:attachment":[{"href":"https:\/\/spozywo.org\/index.php?rest_route=%2Fwp%2Fv2%2Fmedia&parent=1526"}],"wp:term":[{"taxonomy":"product_cat","embeddable":true,"href":"https:\/\/spozywo.org\/index.php?rest_route=%2Fwp%2Fv2%2Fproduct_cat&post=1526"},{"taxonomy":"product_tag","embeddable":true,"href":"https:\/\/spozywo.org\/index.php?rest_route=%2Fwp%2Fv2%2Fproduct_tag&post=1526"}],"curies":[{"name":"wp","href":"https:\/\/api.w.org\/{rel}","templated":true}]}}