{"id":24852,"date":"2021-04-27T15:18:36","date_gmt":"2021-04-27T13:18:36","guid":{"rendered":"https:\/\/spozywo.pl\/?page_id=24852"},"modified":"2021-07-29T20:32:21","modified_gmt":"2021-07-29T18:32:21","slug":"cukrzyca","status":"publish","type":"page","link":"https:\/\/spozywo.org\/?page_id=24852","title":{"rendered":"Poradnik: Cukrzyca typu I"},"content":{"rendered":"<h1>Diagnoza: cukrzyca typu I. Od czego zacz\u0105\u0107?<\/h1>\n<h3>Po us\u0142yszeniu diagnozy od lekarza nie wiesz co masz robi\u0107? Od czego zacz\u0105\u0107? Jak dba\u0107 o swoje zdrowie? Przegl\u0105dasz setki stron internetowych w poszukiwaniu rzetelnej wiedzy? Zesp\u00f3\u0142 wykwalifikowanych dietetyk\u00f3w przygotowa\u0142 dla Ciebie zbi\u00f3r wszystkich informacji z jakimi powiniene\u015b si\u0119 zapozna\u0107 je\u017celi chorujesz na cukrzyc\u0119 typu I.<\/h3>\n<h1><strong>DARMOWY PORADNIK W FORMIE ONLINE SKIEROWANY DLA PACJENT\u00d3W Z CUKRZYC\u0104 TYPU I!<\/strong><\/h1>\n<h3>Poradnik jest skondensowan\u0105 pigu\u0142k\u0105 wiedzy na temat cukrzycy typu I. Wszystkie artyku\u0142y s\u0105 napisane przez dietetyk\u00f3w wsp\u00f3\u0142pracuj\u0105cych ze Stowarzyszeniem Spo\u017cywo i w \u0142atwy oraz przyst\u0119pny spos\u00f3b wyja\u015bni\u0105 zawi\u0142e tajniki na temat tej choroby. Wszystkie tre\u015bci umieszczone w poradniku bazuj\u0105 na aktualnych dowodach naukowych, a opiek\u0119 merytoryczn\u0105 nad projketem pe\u0142ni\u0105 pracownicy Katedry i Zak\u0142adu \u017bywienia Cz\u0142owieka i Metabolomiki Pomorskiego Uniwersytetu Medycznego.<\/h3>\n<h1>Jakie informacje znajdziesz w poradniku?<\/h1>\n<ul>\n<li>\n<h3><a href=\"https:\/\/spozywo.pl\/cukrzyca-typu-1-w-pytaniach-i-odpowiedziach-cz-1\/\"><strong>Cukrzyca typu I &#8211; w pytaniach i odpowiedziach cz.1 &#8211; czyli o przyczynach, hipoglikemii oraz filarach leczenia<\/strong><\/a><\/h3>\n<\/li>\n<li>\n<h3><a href=\"https:\/\/spozywo.pl\/cukrzyca-typu-1-w-pytaniach-i-odpowiedziach-cz-2\/\"><strong>Cukrzyca typu I &#8211; w pytaniach i odpowiedziach cz.2 &#8211; czyli o diecie, IG\/\u0141G oraz aktywno\u015bci fizycznej<\/strong><\/a><\/h3>\n<\/li>\n<li>\n<h3><a href=\"https:\/\/spozywo.pl\/cukrzyca-typu-1-w-pytaniach-i-odpowiedziach-cz-3\/\"><strong>Cukrzyca typu I &#8211; w pytaniach i odpowiedziach cz.3 &#8211; czyli o insulinoterapii, wymiennikach oraz dawkach insulin<\/strong><\/a><\/h3>\n<\/li>\n<li>\n<h3><a href=\"https:\/\/spozywo.pl\/cukrzyca-roznice\/\"><strong>Cukrzyca typu I vs. cukrzyca typu II &#8211; poznaj r\u00f3\u017cnice!<\/strong><\/a><\/h3>\n<\/li>\n<li>\n<h3><strong><a href=\"https:\/\/spozywo.pl\/diagnostyka-cukrzycy-typu-1\/\">Diagnostyka cukrzycy &#8211; czyli jakie badania wykonywa\u0107?<\/a><\/strong><\/h3>\n<\/li>\n<li>\n<h3><a href=\"https:\/\/spozywo.pl\/powiklania-cukrzycy-typu-1\/\"><strong>Najcz\u0119stsze powik\u0142ania cukrzycy typu I<\/strong><\/a><\/h3>\n<\/li>\n<li>\n<h3><strong><a href=\"https:\/\/spozywo.pl\/12-zasad-zywienia-w-cukrzycy-typu-1\/\">12 najwa\u017cniejszych zasad \u017cywienia (i nie tylko!)<\/a><\/strong><\/h3>\n<\/li>\n<li>\n<h3>Insulinoterapia, dieta i ruch czyli 3 najwa\u017cniejsze filary walki z cukrzyc\u0105 (ju\u017c wkr\u00f3tce!)<\/h3>\n<\/li>\n<li>\n<h3>Indeks oraz \u0142adunek glikemiczny &#8211; co to za wska\u017aniki? (ju\u017c wkr\u00f3tce!)<\/h3>\n<\/li>\n<li>\n<h3>Wymienniki w\u0119glowodanowe &#8211; czy s\u0105 i jak si\u0119 je wylicza? Spr\u00f3buj sam! (ju\u017c wkr\u00f3tce!)<\/h3>\n<\/li>\n<li>\n<h3>Hipoglikemia oraz hiperglikemia &#8211; charakterystyka (ju\u017c wkr\u00f3tce!)<\/h3>\n<\/li>\n<li>\n<h3><a href=\"https:\/\/spozywo.pl\/insulina\/\"><strong>Insulina &#8211; rodzaje oraz charakterystyka wybranych preparat\u00f3w<\/strong><\/a><\/h3>\n<\/li>\n<li>\n<h3>Poznaj sw\u00f3j glukometr &#8211; poradnik dla pacjenta (ju\u017c wkr\u00f3tce!)<\/h3>\n<\/li>\n<li>\n<h3><strong><a href=\"https:\/\/spozywo.pl\/fakty-i-mity-cukrzyca\/\">Najcz\u0119\u015bciej spotykane fakty i mity pod lup\u0105 dietetyka<\/a><\/strong><\/h3>\n<\/li>\n<li>\n<h3>Zakazany owoc &#8211; czyli jak to jest z owocami w diecie? (ju\u017c wkr\u00f3tce!)<\/h3>\n<\/li>\n<li>\n<h3><a href=\"https:\/\/spozywo.pl\/slodkie-bez-cukru\/\"><strong>S\u0142odkie bez cukru &#8211; czyli jak s\u0142odzi\u0107 w diecie \u017ceby sobie nie zaszkodzi\u0107<\/strong><\/a><\/h3>\n<\/li>\n<li>\n<h3>Kilka s\u0142\u00f3w o interakcjach lek\u00f3w w cukrzycy (ju\u017c wkr\u00f3tce!)<\/h3>\n<\/li>\n<li>\n<h3>5 \u017cywieniowych life-hack\u00f3w, kt\u00f3re pomog\u0105 Ci w diecie! (ju\u017c wkr\u00f3tce!)<\/h3>\n<\/li>\n<li>\n<h3><a href=\"https:\/\/spozywo.pl\/diabulimia\/\"><strong>Diabulimia &#8211; co to takiego? Czyli kilka s\u0142\u00f3w o zaburzeniach od\u017cywiania<\/strong><\/a><\/h3>\n<\/li>\n<li>\n<h3>Pierwsza pomoc w cukrzycy typu I &#8211; praktyczne podej\u015bcie! (ju\u017c wkr\u00f3tce!)<\/h3>\n<\/li>\n<\/ul>\n<h1>Dodatkowo przeczytasz tak\u017ce o:<\/h1>\n<ul>\n<li>\n<h3><strong><a href=\"https:\/\/spozywo.pl\/cukrzyca-typu-ii\/\">Cukrzyca typu II &#8211; najwa\u017cniejsze informacje<\/a><\/strong><\/h3>\n<\/li>\n<li>\n<h3><strong><a href=\"https:\/\/spozywo.pl\/cukrzyca-typu-lada\/\">Cukrzyca typu LADA &#8211; czy wiesz na czym polega?<\/a><\/strong><\/h3>\n<\/li>\n<li>\n<h3><strong><a href=\"https:\/\/spozywo.pl\/cukrzyca-ciazowa\/\">Cukrzyca ci\u0105\u017cowa &#8211; najwa\u017cniejsze informacje<\/a><\/strong><\/h3>\n<\/li>\n<li>\n<h3><a href=\"https:\/\/spozywo.pl\/insulinoopornosc\/\"><strong>Insulinooporno\u015b\u0107 &#8211; gar\u015b\u0107 informacji na pocz\u0105tek<\/strong><\/a><\/h3>\n<\/li>\n<\/ul>\n<h1>Zastosuj w praktyce!<\/h1>\n<ul>\n<li>\n<h3>Przyk\u0142adowe przepisy dla pacjent\u00f3w (ju\u017c wkr\u00f3tce!)<\/h3>\n<\/li>\n<li>\n<h3>Przyk\u0142adowy jad\u0142ospis w cukrzycy typu 1 (ju\u017c wkr\u00f3tce!)<\/h3>\n<\/li>\n<\/ul>\n<h1>Napisz do nas je\u015bli masz cukrzyc\u0119 typu I i chcesz uzyska\u0107 porady lub masz pomys\u0142 jak mo\u017cemy Ci pom\u00f3c:<\/h1>\n\n<div class=\"wpcf7 no-js\" id=\"wpcf7-f2102-o1\" lang=\"pl-PL\" dir=\"ltr\">\n<div class=\"screen-reader-response\"><p role=\"status\" aria-live=\"polite\" aria-atomic=\"true\"><\/p> <ul><\/ul><\/div>\n<form action=\"\/index.php?rest_route=%2Fwp%2Fv2%2Fpages%2F24852#wpcf7-f2102-o1\" method=\"post\" class=\"wpcf7-form init\" aria-label=\"Formularz kontaktowy\" novalidate=\"novalidate\" data-status=\"init\">\n<div style=\"display: none;\">\n<input type=\"hidden\" name=\"_wpcf7\" value=\"2102\" \/>\n<input type=\"hidden\" name=\"_wpcf7_version\" value=\"5.8\" \/>\n<input type=\"hidden\" name=\"_wpcf7_locale\" value=\"pl_PL\" \/>\n<input type=\"hidden\" name=\"_wpcf7_unit_tag\" value=\"wpcf7-f2102-o1\" \/>\n<input type=\"hidden\" name=\"_wpcf7_container_post\" value=\"0\" \/>\n<input type=\"hidden\" name=\"_wpcf7_posted_data_hash\" value=\"\" \/>\n<\/div>\n<div class=\"wpcf7-response-output\" aria-hidden=\"true\"><\/div>\n<p><label><span class=\"wpcf7-form-control-wrap\" data-name=\"your-name\"><input size=\"40\" class=\"wpcf7-form-control wpcf7-text wpcf7-validates-as-required\" aria-required=\"true\" aria-invalid=\"false\" placeholder=\"Imi\u0119 i nazwisko\" value=\"\" type=\"text\" name=\"your-name\" \/><\/span><\/label>\n<\/p>\n<p><label><span class=\"wpcf7-form-control-wrap\" data-name=\"your-email\"><input size=\"40\" class=\"wpcf7-form-control wpcf7-email wpcf7-validates-as-required wpcf7-text wpcf7-validates-as-email\" aria-required=\"true\" aria-invalid=\"false\" placeholder=\"Email\" value=\"\" type=\"email\" name=\"your-email\" \/><\/span><\/label>\n<\/p>\n<p><label><span class=\"wpcf7-form-control-wrap\" data-name=\"your-subject\"><input size=\"40\" class=\"wpcf7-form-control wpcf7-text\" aria-invalid=\"false\" placeholder=\"Temat\" value=\"\" type=\"text\" name=\"your-subject\" \/><\/span> <\/label>\n<\/p>\n<p><label style=\"display: block\"><span class=\"wpcf7-form-control-wrap\" data-name=\"your-message\"><textarea cols=\"40\" rows=\"10\" class=\"wpcf7-form-control wpcf7-textarea\" aria-invalid=\"false\" placeholder=\"Wiadomo\u015b\u0107\" name=\"your-message\"><\/textarea><\/span><\/label>\n<\/p>\n<p><span class=\"wpcf7-form-control-wrap\" data-name=\"acceptance-51\"><span class=\"wpcf7-form-control wpcf7-acceptance\"><span class=\"wpcf7-list-item\"><label><input type=\"checkbox\" name=\"acceptance-51\" value=\"1\" aria-invalid=\"false\" \/><span class=\"wpcf7-list-item-label\">Wyra\u017cam zgod\u0119 na przetwarzanie danych osobowych \u2013 imienia, nazwiska, adresu email podanych w powy\u017cszym Formularzu kontaktowym przez Stowarzyszenie Spo\u017cywo w celu udzielenia odpowiedzi na zapytanie z\u0142o\u017cone za jego po\u015brednictwem.<\/span><\/label><\/span><\/span><\/span>\n<\/p>\n<p><span class=\"wpcf7-form-control-wrap\" data-name=\"acceptance-52\"><span class=\"wpcf7-form-control wpcf7-acceptance\"><span class=\"wpcf7-list-item\"><label><input type=\"checkbox\" name=\"acceptance-52\" value=\"1\" aria-invalid=\"false\" \/><span class=\"wpcf7-list-item-label\">O\u015bwiadczam, \u017ce zapozna\u0142em si\u0119 i akceptuj\u0119 <a href=\"\/regulamin_uslug\/\" target=\"_blank\">Regulamin \u015bwiadczenia us\u0142ug drog\u0105 elektroniczn\u0105<\/a> i <a href=\"\/polityka\/\" target=\"_blank\">Polityk\u0119 prywatno\u015bci<\/a>.<\/span><\/label><\/span><\/span><\/span>\n<\/p>\n<p><input class=\"wpcf7-form-control wpcf7-submit has-spinner\" type=\"submit\" value=\"Wy\u015blij\" \/>\n<\/p>\n<\/form>\n<\/div>\n\n","protected":false},"excerpt":{"rendered":"<p>Diagnoza: cukrzyca typu I. Od czego zacz\u0105\u0107? Po us\u0142yszeniu diagnozy od lekarza nie wiesz co masz robi\u0107? Od czego zacz\u0105\u0107? Jak dba\u0107 o swoje zdrowie? Przegl\u0105dasz setki stron internetowych w poszukiwaniu rzetelnej wiedzy? Zesp\u00f3\u0142 wykwalifikowanych dietetyk\u00f3w przygotowa\u0142 dla Ciebie zbi\u00f3r wszystkich informacji z jakimi powiniene\u015b si\u0119 zapozna\u0107 je\u017celi chorujesz na&hellip;<\/p>\n","protected":false},"author":1,"featured_media":0,"parent":0,"menu_order":0,"comment_status":"closed","ping_status":"closed","template":"custom-page.php","meta":{"footnotes":""},"class_list":["post-24852","page","type-page","status-publish","hentry"],"_links":{"self":[{"href":"https:\/\/spozywo.org\/index.php?rest_route=\/wp\/v2\/pages\/24852","targetHints":{"allow":["GET"]}}],"collection":[{"href":"https:\/\/spozywo.org\/index.php?rest_route=\/wp\/v2\/pages"}],"about":[{"href":"https:\/\/spozywo.org\/index.php?rest_route=\/wp\/v2\/types\/page"}],"author":[{"embeddable":true,"href":"https:\/\/spozywo.org\/index.php?rest_route=\/wp\/v2\/users\/1"}],"replies":[{"embeddable":true,"href":"https:\/\/spozywo.org\/index.php?rest_route=%2Fwp%2Fv2%2Fcomments&post=24852"}],"version-history":[{"count":22,"href":"https:\/\/spozywo.org\/index.php?rest_route=\/wp\/v2\/pages\/24852\/revisions"}],"predecessor-version":[{"id":26212,"href":"https:\/\/spozywo.org\/index.php?rest_route=\/wp\/v2\/pages\/24852\/revisions\/26212"}],"wp:attachment":[{"href":"https:\/\/spozywo.org\/index.php?rest_route=%2Fwp%2Fv2%2Fmedia&parent=24852"}],"curies":[{"name":"wp","href":"https:\/\/api.w.org\/{rel}","templated":true}]}}